t is f(p)?
0
Let v(t) be the first derivative of -5*t**3/3 - t**2 + 4*t + 2402. Determine v(3).
-47
Let u(i) = 2*i**3 - i**2 - 5*i + 3. Let r(q) = q**3 - 14*q**2 - 17*q + 26. Let d(v) = -r(v) + u(v). Give d(-12).
-23
Let g(m) = 3069*m**3 - 3070*m**3 - 20*m + 2*m - 9*m**2 - 2*m**2 - 13 + m**2. Calculate g(-8).
3
Suppose 42*x = -39*x - 59*x + 980. Let h(s) = 0 + 9*s - 5 - 1 - s**2. Determine h(x).
8
Let l(k) = -451*k + 1364. Let y be l(3). Let z(m) = -5*m + 44. Determine z(y).
-11
Let f(c) = -9*c**3 - 2*c**2 - 6*c - 24. Let b(x) = 20*x**3 + 7*x**2 + 11*x + 49. Let d(k) = -4*b(k) - 9*f(k). Give d(9).
29
Let q(l) = 11*l + 170. Suppose 2*p + 4*s - 3*s + 30 = 0, -3*s + 119 = -5*p. Determine q(p).
-39
Suppose -3*d + 6 = 4*f + 2, -8 = f + 3*d. Suppose f*t = 10*t - 12. Let a(k) be the third derivative of k**5/60 - k**4/12 + 5*k**2. Give a(t).
0
Let j(n) = -291*n + 101*n + 13 + 187*n + 6*n**2 - n**3. What is j(6)?
-5
Let a be ((-16)/14)/(-1) + 3/(-21). Let d(u) = -a + 16*u**2 - 82*u**3 + 156*u**3 - 75*u**3. Calculate d(16).
-1
Let j(a) = -2*a - 1 - 5 + a. Let c = 122 + -19. Let x = 99 - c. Calculate j(x).
-2
Suppose -7*u = -2*u + 4*t - 67, 4*t = -u + 7. Suppose -2*n = 4*c - 12, -n = 5*c + n - u. Let q(d) = 3*d**2 - 2*d + 1 - 2*d**2 + 2. Give q(c).
6
Let z(t) = t**3 - 7*t**2 + 2*t + 25. Let b(l) = 3*l**2 - 5*l - 43. Let x be b(5). Calculate z(x).
39
Let x(c) be the first derivative of -c**4/12 + c**3/3 - 7*c**2 + 31. Let h(y) be the second derivative of x(y). Determine h(5).
-8
Let w(y) = y**3 + y**2 - 46. Let o = 2639 - 2639. What is w(o)?
-46
Let d(q) = q + 23 - 3*q - 8 - 8. Let g = -252 - -257. Determine d(g).
-3
Let c(o) = 12*o**2 + 34*o + 12. Let h(x) = -25*x**2 - 77*x - 26. Let b(r) = -7*c(r) - 3*h(r). What is b(-1)?
-8
Let c(q) = 5 - 6 - q**2 - 8 - 18*q. Suppose 0 = 106*a - 104*a + 2*u + 50, 2*a - 5*u = -1. Determine c(a).
-9
Let q(p) = -p**2 - 14*p - 37. Let l(u) = -2*u**2 - 13*u - 36. Let o(j) = 2*l(j) - 3*q(j). What is o(17)?
22
Suppose -16 = 4*u - 6*u + 4*y, -13 = -5*u + y. Let j(g) be the second derivative of -5*g**4/6 + 2*g**3/3 - 3*g**2/2 - 14131*g. What is j(u)?
-35
Let a(o) = -o**3 + 4*o**2 + 13*o - 6. Let g be a(6). Let v(k) = k - 3*k - k**2 + 3*k + 3 + 0*k. Give v(g).
3
Let f(r) = 238*r - 2619. Let m be f(11). Let a(d) = -9*d + d + 0*d. What is a(m)?
8
Let v(d) = 6*d - 16 + 66 + 0*d + 27 - 2*d. Calculate v(-20).
-3
Let x(f) = -f**2 + 21*f - 15. Let t be x(20). Suppose 3*d = -t*j + 8 + 10, 5*d = 3*j - 4. Let w(i) = 0 - 13*i + 2 + 10*i - d. Calculate w(-5).
16
Let p(c) = c**3 - 6*c**2 + 5*c + 3. Suppose -5*f - 77 = 2*j, 0 = j - f + 2*f + 31. Let t = -21 - j. Suppose -t = -4*n + 11. Calculate p(n).
-9
Let k(o) be the first derivative of -o**2 - 1/3*o**3 + 28 + 3*o + 1/2*o**4. Determine k(2).
11
Let x(c) = 2*c - 5. Suppose 22*h + 44 = -0*h. What is x(h)?
-9
Let g(x) = -x**3 - 7*x**2 + 7*x - 6. Let q(h) = 7*h**2 + 43*h - 3. Let o be q(-6). Let a = o - -1. Calculate g(a).
2
Suppose 0 = -i - i - 3*f - 19, 0 = -4*i + 4*f + 12. Let m(x) be the first derivative of -126 + 1/3*x**3 + 1/4*x**4 + 0*x**2 + 2*x. What is m(i)?
-2
Let y(m) be the third derivative of 0 + 0*m - 24*m**2 + 1/24*m**4 - 2/3*m**3. What is y(-8)?
-12
Let d = 102 + -271. Let g = d - -171. Let o(w) = -7*w - 1. Calculate o(g).
-15
Let c(r) = -r + 5. Let s be c(6). Let y(l) be the third derivative of l**4/4 + l**3/6 + 2*l**2 + 94*l - 3. Calculate y(s).
-5
Suppose 3*m + 1089 = -28*m - 90*m. Let j(c) = -2*c**2 - 10*c - 8. Let l(b) = b**2 + b + 1. Let w(a) = -j(a) - l(a). Calculate w(m).
7
Let h be (238/6)/((-2)/(-6)). Suppose -c - 369 = 1270*n - 1267*n, 2*n - c + 236 = 0. Let r = h + n. Let q(l) = l**3 + l**2 - l + 2. Give q(r).
0
Let q(t) = -t**2 - 2*t - 4. Let d be 18/(-9) + 2 + (6 - 1). Suppose 40 = -3*u - 7*n + 2*n, 60 = -4*u - d*n. Let j be u/(4/(-1))*-1. What is q(j)?
-19
Let w(g) = -g**3 + 7*g**2 + 9*g - 8. Let x = 96 - 92. Let t be (1 - 5)/(x/((-32)/4)). Determine w(t).
0
Let x(t) = -t**3 - t**2 - 1. Suppose -4*n - 49 = -11*n. Suppose 8*l - n*l = 2. Give x(l).
-13
Let m(c) = 24*c**2 - c + 411. Let f(j) = 11*j**2 + 205. Let r(v) = 7*f(v) - 3*m(v). Let q(l) be the first derivative of r(l). Calculate q(-2).
-17
Let w(m) = 2*m**2 + 1 + 4 + 4 - 1156*m + 1152*m. Calculate w(4).
25
Suppose -2*g = -2*t - 3*g + 10, 3*t - 18 = -3*g. Let c(v) = 13 - 16*v + t*v - 10. Give c(2).
-21
Let f be (220/(-77))/(1/7). Let y be f + 12 + 2*-1. Let w(x) = 2*x + 11. Calculate w(y).
-9
Let u(a) = -a**2 + 8*a - 1. Suppose 5*z - 3*h + 2*h = 234, -2*z + 95 = h. Let x = z + -119. Let s = -66 - x. What is u(s)?
11
Let b be ((-3)/9)/((-2)/42). Suppose 0 = -7*q + 37 + 12. Let c(r) = -10*r + q + 4*r - 6 + 7*r. Give c(b).
8
Let f = -51 + 54. Let j be (-1 - (f - 6))/1. Let y(v) = 38 + v**3 - 48 + 8*v - 13*v**2 + 5*v**j. What is y(7)?
-3
Let l = -50537/6 - -8423. Let m(k) be the second derivative of 2*k**2 + 1/6*k**3 + 0 - 23*k + 1/20*k**5 + l*k**4. Determine m(-3).
-8
Let b(i) be the first derivative of 1/2*i**2 + 6*i + 1/3*i**3 + 8. Suppose -22*d = -28*d. Give b(d).
6
Let s(j) = -j - 2. Suppose -307 = -71*f - 174 + 435. Give s(f).
-10
Let s(t) be the first derivative of -3*t + 2 - 1/2*t**2. Let l(p) = 4*p**2 + 37*p + 3. Let b be l(-9). What is s(b)?
3
Let w(s) be the first derivative of -s**4/4 - 23*s**3/3 - s**2/2 + 11*s - 1008. Calculate w(-23).
34
Let b = 125 + 43. Let y = -163 + b. Let h(n) = n + 8. Let x(q) = -4*q - 23. Let a(r) = -8*h(r) - 3*x(r). What is a(y)?
25
Let f(u) = u**3 + 4*u**2 - 3*u - 5. Let b(g) = 101*g - 913. Let q be b(9). Calculate f(q).
7
Let l = 62 - 59. Let n be l*(42/7 - 4). Let u(r) = -r**3 + 5*r**2 + 6*r - 6. What is u(n)?
-6
Let b(l) = -926 + l + 1857 - 947. Give b(11).
-5
Let o(w) = 21*w + 155. Let s(a) = 295*a + 2225. Let q(r) = 110*o(r) - 8*s(r). Calculate q(-15).
0
Let r = 67 + -57. Suppose 5*m = 4*h + r - 1, -2 = -3*h + 2*m. Let l(i) = -h*i - i + 7*i + 9. Calculate l(-6).
-3
Suppose 114*n + 812 - 708 = -1036. Let a(x) = -x**3 - 12*x**2 - 17*x + 18. What is a(n)?
-12
Suppose 16*x + 162 = 13*x + 21*x. Let a(k) = 3*k**2 - 25*k - 16. Determine a(x).
2
Let k(y) = -31*y**2 + 23 + 70*y**2 + 30*y - 30*y**2. Let t(o) = 5*o**2 + 16*o + 12. Let l(r) = -6*k(r) + 11*t(r). Give l(5).
-1
Let h(m) = 12*m**2 - 8*m - 4. Let x(a) = 3*a**2 - 2*a - 1. Let q(d) = -4*h(d) + 15*x(d). Let o = 60 - 86. Let s = -23 - o. Give q(s).
-20
Suppose 5353*n = 5358*n - 81 + 26. Let m(s) = -6*s + 18. Give m(n).
-48
Let o be (156/260)/(-1 - 68/(-70)). Let g be -2 + (o/3 - -6). Let f(y) be the first derivative of y**3/3 + 3*y**2/2 - 4*y + 1. Calculate f(g).
-4
Let d(b) be the second derivative of -2/3*b**3 - b**2 - 58*b + 1. Calculate d(4).
-18
Let x(h) = h**3 + 4*h**2 - 6*h - 9. Suppose -2*j + 0*j + 4 = 2*y, -8 = -3*j - y. Let i be (-65)/13 + (j/(-1) - -3). Determine x(i).
-4
Let b(h) = 4*h - 10. Let d = 9150 - 9152. Give b(d).
-18
Let z be ((-6)/5)/(1/5). Let h(l) be the third derivative of -l**6/60 - l**5/5 - l**4/24 - l**3/3 + 75*l**2 - 68*l - 3. Determine h(z).
4
Let a(t) = -81*t**2 + 7*t + 34. Let w(d) = 29*d**2 - 3*d - 12. Let g(z) = 4*a(z) + 11*w(z). Calculate g(-2).
-6
Let u(r) be the third derivative of 1/24*r**4 - 1/120*r**5 - 6*r**2 + 0*r - 3/2*r**3 + 0. Let z(n) be the first derivative of u(n). What is z(5)?
-4
Let n(u) be the second derivative of -u**6/360 + u**5/20 + u**4/6 + u**3/2 - 3*u**2/2 - 2*u + 2. Let z(y) be the second derivative of n(y). What is z(7)?
-3
Let f(k) = -76523*k**2 - 100*k - 76522*k**2 + 153053*k**2 - 32. Calculate f(13).
20
Let a(y) be the first derivative of y**6/120 - y**5/15 - y**3/3 - 15*y**2 + 13. Let n(q) be the second derivative of a(q). Give n(4).
-2
Let a(i) = i**2 + 7*i - 2. Let q be 2 - 2 - (-498)/(-2 + 8). Suppose -75*n + 48 = -q*n. Calculate a(n).
-8
Let c(p) = p**2 + 3*p + 3. Let v(y) = -y - 3. Let m be v(-5). Suppose -76 = -m*g - 2*g. Suppose 9*k = -55 + g. Give c(k).
7
Suppose 8*w + 235 + 85 = 0. Let d = -54 - w. Let j(c) = -c - 13. What is j(d)?
1
Let x(d) = -2*d**3 - 39*d**2 - 18*d + 23. Suppose -4*z - 88 = -3*t, 3*z + 45 = -7*t + 4*t. Determine x(z).
4
Let d(t) = -3*t - 1. Suppose 0 = 17*x - 12*x - 25. Suppose 0 = 2*r - x*r + 72. Suppose -r = j - 9*j. Give d(j).
-10
Let r(i) be the third derivative of -i**6/60 - 4*i**5/15 - 7*i**4/24 - i**3 + 1450*i**2. De